 = -4*u + 2*b + 11917 + 5649. What are the prime factors of u?
2, 3, 61
Let k = 89 + -53. Suppose 0 = -k*t + 39*t - 3. What are the prime factors of 394*((-2 - -2) + t/2)?
197
Suppose -75*p + 684950 = -5*p. List the prime factors of p.
5, 19, 103
Let z(g) = -6*g - 232. Let c be z(-39). What are the prime factors of 2 + ((-14388)/77)/(c/(-7))?
2, 41
Suppose 5343 = 3*w - 2511. List the prime factors of w.
2, 7, 11, 17
Let r = 43 - 27. Let d(x) = -9*x - 12*x + r*x + x**3 + 11*x**2. What are the prime factors of d(-11)?
5, 11
Let b = 232 - 2. Suppose 2*k = -0*k + 5*h, 3*k - h - 13 = 0. Suppose y - z - 94 = -14, k*z + b = 3*y. What are the prime factors of y?
5, 17
Let n be 45*1*(-7)/(-7). What are the prime factors of ((-2367)/(-12))/(n/120)?
2, 263
Let j = 52308 - 32045. What are the prime factors of j?
23, 881
What are the prime factors of (((-30)/(-25))/((-1)/3))/((-225)/608250)?
2, 3, 811
Let x(o) = -o**3 - 6*o**2 + 7*o. Let g be x(-7). Suppose g*i + i = 4. List the prime factors of (20/24)/(i/24).
5
Suppose 2*z = 4*t + 24852, 0 = 5*z - 168*t + 167*t - 62103. What are the prime factors of z?
2, 3, 5, 23
Let a(g) = g**3 + 4*g**2 + 15*g - 3. Let p(r) = -3*r**3 - 9*r**2 - 31*r + 6. Let i(t) = -5*a(t) - 2*p(t). Let c = 25 - 19. What are the prime factors of i(c)?
3, 23
Suppose 5*k - 8 = -22*b + 20*b, -5*b + k = -20. Suppose b*h + 1168 = 4*u, 34*h = -5*u + 37*h + 1456. What are the prime factors of u?
2, 5, 29
Let q = -2831 + 6641. What are the prime factors of q?
2, 3, 5, 127
Let z(g) = 72*g**2 - g - 2. Let j be z(-1). Suppose s - 4*u + 6*u = 23, u - j = -4*s. List the prime factors of s.
17
Let b = 14 - 115. List the prime factors of (0 + (-6)/4)*(b - -7).
3, 47
Suppose -4*f = -25*a + 26*a - 7067, 5*a - 5*f - 35285 = 0. What are the prime factors of a?
3, 13, 181
Suppose -16 = -4*i + 2*s, -2*s - 4 = -3*i + 9. Suppose -4*x = -4*a + x + 939, i*x - 684 = -3*a. Suppose -1113 + a = -7*n. List the prime factors of n.
2, 3, 7
Let q = 17336 - 6716. What are the prime factors of q?
2, 3, 5, 59
Suppose 7*h - 814 = 1202. Suppose -14*i + 22*i - h = 0. What are the prime factors of i?
2, 3
Let b be (-8)/28 + (-4972)/(-7) + -2. Suppose 4*q = 2652 - b. What are the prime factors of q?
2, 3
Let g(p) = 5*p**3 - 5*p**2 + p. Let j(r) = -r**2 - 21*r - 17. Let d(y) = y**3 - 9*y**2 + 16*y - 8. Let v be d(6). Let x be j(v). List the prime factors of g(x).
3, 31
Let a(z) = 584*z + 19. What are the prime factors of a(1)?
3, 67
List the prime factors of 1528 - ((-9)/(-6))/(69/368).
2, 5, 19
Let n(i) = 87*i + 1. Let z(u) = -3*u - 1. Let r(k) = -n(k) + 2*z(k). What are the prime factors of r(-6)?
3, 5, 37
Let m(n) = 15*n - 11 - 39 + 25. What are the prime factors of m(28)?
5, 79
Let q(z) = 88*z - 81. Let l be q(7). Suppose 0*i + i + n = 113, -5*i + l = -5*n. What are the prime factors of i?
2, 5, 11
Let k be (-3 - 70/3)*(-27)/(-9). Let r = -73 - k. List the prime factors of r.
2, 3
Let b be (5 + -2 - 330/4)*-6. Suppose -g - 159 = -l, 2*g + b = -3*l + 6*l. List the prime factors of l.
3, 53
Let l(g) = 8*g**2 + 3*g - 2. Let c = 11 - 10. Let w be l(c). List the prime factors of 3848/18 + 2/w.
2, 107
Suppose -2*z + 7*z - 74132 = -3*g, -3*g + 44484 = 3*z. List the prime factors of z.
2, 17, 109
Suppose 3*d - 3*o + 5*o = -992, -3*o = 12. List the prime factors of (-14 - -2)*d/32.
3, 41
What are the prime factors of 36/(-306) + (287308/(-34))/(-2)?
5, 13
Suppose 4*z - 19184 = -4*l + 59868, 2*z = l + 39544. List the prime factors of z.
53, 373
Let l = -2135 - -3217. Let c = l - 762. Suppose -o + 6*o + 5*b - c = 0, 3*b = 3*o - 174. What are the prime factors of o?
61
Suppose -12*y + 69560 - 179290 = -17*y. What are the prime factors of y?
2, 10973
Suppose 16*f = 32*f + 18*f - 182954. List the prime factors of f.
5381
Let w = -1539 + -2932. Let i = -2958 - w. What are the prime factors of i?
17, 89
Suppose -458*d = -445*d - 54119. What are the prime factors of d?
23, 181
Let s be -1 + (-12512)/(-4) - -2. Suppose 0*v - s = -7*v. What are the prime factors of v?
3, 149
Let c(n) = 2*n**2 - 17*n - 35. Suppose -2*y = 3*f + 4, 4*y - 4*f = -y - 56. List the prime factors of c(y).
229
Suppose -6*o = -349608 - 81084. What are the prime factors of o?
2, 19, 1889
Let x = 9484 + -9241. List the prime factors of x.
3
Let y(u) = -3 - 6595*u + 6579*u - 39. What are the prime factors of y(-27)?
2, 3, 5, 13
Let m(n) = -466*n**2 + 4*n - 2. Let r be m(1). Let y = r + 1318. Suppose -y = -11*a + 4*a. What are the prime factors of a?
2, 61
Suppose 225 + 0 = -15*m. Let j(y) = 2*y**3 + 31*y**2 - 7*y - 15. What are the prime factors of j(m)?
3, 5, 7
Suppose 0 = -24*w - 20*w + 132. Suppose 891 = w*m - 5*s, -m + 3*s = -3*m + 575. List the prime factors of m.
2, 73
Let s = 74627 - 11622. List the prime factors of s.
5, 12601
Let x(k) = k**2 + 12*k + 22. Let d be x(-9). Let a be (-22)/(-4) + (d/2)/5. Suppose a = -m + 65. List the prime factors of m.
2, 3, 5
Let s(g) = -g**3 - 5*g**2 + 15*g + 12. Let v be s(-7). Let k be 419 + v - 0 - 2. What are the prime factors of ((-6)/21)/((-4)/7)*k?
211
List the prime factors of 20*(106/159 + 18130/12).
2, 5, 3023
Suppose -3*u = 3*u + 438. Suppose 1265 = -32*n + 37*n. Let l = u + n. What are the prime factors of l?
2, 3, 5
Let k(o) = 13*o**2 - 25*o - 181. Let f(j) = -5*j**2 + 12*j + 90. Let x(z) = 13*f(z) + 6*k(z). List the prime factors of x(-10).
2, 331
Let n(w) = -w**3 - 19*w**2 + 20*w + 2. Let q be n(-20). Suppose -q*t - 14 = 2*s, -2 = 3*s + t + 9. What are the prime factors of (-7)/14 - 205/s?
2, 3, 17
Let z be (-3*(-1 + 0))/(2 + -3). Let s be 169/6 - (10 + z)/42. Let x = s + 55. List the prime factors of x.
83
Let c = 26685 - 16424. List the prime factors of c.
31, 331
Suppose 5*n = 5*l + 93380, -7*l = -4*n - 8*l + 74714. What are the prime factors of n?
2, 3, 11, 283
Let w(y) = 2*y**2 + 4*y + 4. Let o be w(-2). Suppose -o*s + 3 - 18 = -m, 0 = 4*s + 8. What are the prime factors of m - 4 - (-108)/1?
3, 37
Let m be 18/(-4)*(-6)/(-1). Let w be 300/35*168/16. Let d = w + m. List the prime factors of d.
3, 7
What are the prime factors of (-266)/247 - (-1)/13 - -8414?
47, 179
Let m(r) = 789*r**2 + 10*r - 26. Let w be m(2). Suppose -26*v = -19*v - w. List the prime factors of v.
2, 3, 5
Let z(q) = 5*q - 73. Let f be z(22). Suppose -6*g + 1895 = -f. List the prime factors of g.
2, 7, 23
Let i(f) = 34*f - 1. Let b be i(5). Let z be 15 - 8 - -102 - 5. Let q = b - z. List the prime factors of q.
5, 13
Suppose 4*g - 20 = 0, -534 = -5*s - 4*g + 2476. Let m be s/6 + (-44)/66. Let j = -85 + m. List the prime factors of j.
2, 7
Let d(b) = -45*b - 10. Let k(a) = 91*a + 21. Let s(r) = -13*d(r) - 6*k(r). Let t be (-2 - 1)*2/8*-4. What are the prime factors of s(t)?
11
Let r(a) = 255*a + 34. Let n be (-1)/16*2 - 833/(-136). What are the prime factors of r(n)?
2, 17, 23
Suppose -484 = 3*z - p, 10*z - 6*z + 4*p = -656. Let r = 1023 + z. What are the prime factors of r?
3, 7, 41
Let m(f) = -3 + 7*f + 2 + 38 + 52. List the prime factors of m(-11).
2, 3
Let f = 132 - 132. Suppose 3*m - 12 = f, 4*v + 2*m = 3*v + 265. What are the prime factors of v?
257
Let x = 250 - 292. List the prime factors of 2 - 45078/(-51) - x/357.
2, 443
Let b = 22 + 17. Let y = 39 - b. List the prime factors of (-45 + (y - 1))/(-1).
2, 23
Let n(o) = -2*o**3 + 63*o**2 + 24*o + 99. What are the prime factors of n(28)?
11, 569
Suppose -6*d - 214 - 140 = 0. Let i = -53 - d. What are the prime factors of (i/27)/1 - 1430/(-45)?
2
Suppose 11*d = m + 18*d - 5588, 4*d = 2*d. List the prime factors of m.
2, 11, 127
What are the prime factors of -1*(13 + -14887 + 8)?
2, 7433
Suppose -6 = -s + 10. Let i be s/4 + (1 - 9) - -6. Suppose 5*z - q = -5*q + 975, 0 = -i*z - 2*q + 388. What are the prime factors of z?
199
Suppose -78907 = -6*y + 20809 + 10114. What are the prime factors of y?
5, 7, 523
Suppose 2*z = -4*t - 2*z - 40, -3*t - 35 = 4*z. Let g(m) = 2*m**2 - 11. What are the prime factors of g(t)?
3, 13
Let o(k) = -1483*k**3 - 2*k**2 + 12*k + 14. List the prime factors of o(-1).
1483
Let v(d) = d**3 - 17*d**2 + 16*d + 3. Let o be v(16). Let q be 7/(-14) - o/6*-1. Suppose q = -r + 101 - 13. What are the prime factors of r?
2, 11
Let n = 66 - 63. Let g be ((-2)/2)/(n/(-15)) - 3. List the prime factors of ((-12)/5)/(g + (-12